{"id":5804,"date":"2024-04-30T14:50:00","date_gmt":"2024-04-30T14:50:00","guid":{"rendered":"https:\/\/glitzgondim.adv.br\/biblioteca\/a-internacionalizacao-do-direito-de-empresa-e-a-realidade-do-direito-brasileiro\/"},"modified":"2026-02-25T17:28:58","modified_gmt":"2026-02-25T17:28:58","slug":"a-internacionalizacao-do-direito-de-empresa-e-a-realidade-do-direito-brasileiro","status":"publish","type":"biblioteca","link":"https:\/\/glitzgondim.adv.br\/en\/biblioteca\/a-internacionalizacao-do-direito-de-empresa-e-a-realidade-do-direito-brasileiro\/","title":{"rendered":"A internacionaliza\u00e7\u00e3o do Direito de Empresa e a realidade do Direito brasileiro"},"content":{"rendered":"<p><strong>Resumo<\/strong>: Estado e atividade empresarial s\u00e3o duas realidades conectadas. Tanto Estado, como empresa passaram por v\u00e1rias transforma\u00e7\u00f5es no que diz respeito ao seu modo de agir, \u00e0 sua intera\u00e7\u00e3o com o ente p\u00fablico e com a sociedade civil e, sobretudo, no tocante \u00e0 sua regula\u00e7\u00e3o. O C\u00f3digo Civil delimita aspectos estruturais da empresa, mas sua regula\u00e7\u00e3o \u00e9 permeada por diferentes fontes, inclusive advindas de instrumentos estrangeiros. A internacionaliza\u00e7\u00e3o do Direito empresarial \u00e9 mais uma condi\u00e7\u00e3o que uma op\u00e7\u00e3o. A sujei\u00e7\u00e3o do regime jur\u00eddico da empresa aos variados instrumentos internacionais desperta naturalmente preocupa\u00e7\u00f5es sobre a legitimidade das tecnologias legais e ao poss\u00edvel d\u00e9ficit democr\u00e1tico na discuss\u00e3o, elabora\u00e7\u00e3o e recep\u00e7\u00e3o local. Contudo, h\u00e1 um lado positivo do fen\u00f4meno: a (auto)imposi\u00e7\u00e3o da empresa a boas pr\u00e1ticas globais pode ser um meio de press\u00e3o para aprimorar a conduta do Estado na mesma dire\u00e7\u00e3o.<\/p>\n\n\n\n<p><strong>Refer\u00eancia<\/strong>: BECUE, Sabrina Maria Fadel; GLITZ, Frederico Eduardo Zenedin. Panorama sobre a internacionaliza\u00e7\u00e3o do Direito de empresa e a realidade do Direito brasileiro frente \u00e0s tend\u00eancias internacionais. Revista Semestral de Direito Empresarial, Rio de Janeiro, n. 33, p. 155-170, jul.\/dez. 2023.<\/p>\n\n\n\n<div class=\"wp-block-buttons is-layout-flex wp-block-buttons-is-layout-flex\">\n<div class=\"wp-block-button\"><a class=\"wp-block-button__link wp-element-button\" href=\"https:\/\/glitzgondim.adv.br\/wp-content\/uploads\/2026\/01\/7.pdf\" target=\"_blank\" rel=\"noreferrer noopener\">ARTIGO COMPLETO<\/a><\/div>\n<\/div>\n\n\n\n<p><\/p>\n\n\n\n<div class=\"wp-block-buttons is-layout-flex wp-block-buttons-is-layout-flex\">\n<div class=\"wp-block-button\"><a class=\"wp-block-button__link wp-element-button\" href=\"https:\/\/www.e-publicacoes.uerj.br\/rsde\/article\/view\/79183\/49789\">DOWNLOAD<\/a><\/div>\n<\/div>","protected":false},"featured_media":5806,"parent":0,"template":"","meta":{"_acf_changed":false,"site-sidebar-layout":"default","site-content-layout":"","ast-site-content-layout":"full-width-container","site-content-style":"default","site-sidebar-style":"default","ast-global-header-display":"","ast-banner-title-visibility":"","ast-main-header-display":"","ast-hfb-above-header-display":"","ast-hfb-below-header-display":"","ast-hfb-mobile-header-display":"","site-post-title":"","ast-breadcrumbs-content":"","ast-featured-img":"","footer-sml-layout":"","ast-disable-related-posts":"","theme-transparent-header-meta":"","adv-header-id-meta":"","stick-header-meta":"","header-above-stick-meta":"","header-main-stick-meta":"","header-below-stick-meta":"","astra-migrate-meta-layouts":"default","ast-page-background-enabled":"default","ast-page-background-meta":{"desktop":{"background-color":"var(--ast-global-color-5)","background-image":"","background-repeat":"repeat","background-position":"center center","background-size":"auto","background-attachment":"scroll","background-type":"","background-media":"","overlay-type":"","overlay-color":"","overlay-opacity":"","overlay-gradient":""},"tablet":{"background-color":"","background-image":"","background-repeat":"repeat","background-position":"center center","background-size":"auto","background-attachment":"scroll","background-type":"","background-media":"","overlay-type":"","overlay-color":"","overlay-opacity":"","overlay-gradient":""},"mobile":{"background-color":"","background-image":"","background-repeat":"repeat","background-position":"center center","background-size":"auto","background-attachment":"scroll","background-type":"","background-media":"","overlay-type":"","overlay-color":"","overlay-opacity":"","overlay-gradient":""}},"ast-content-background-meta":{"desktop":{"background-color":"var(--ast-global-color-4)","background-image":"","background-repeat":"repeat","background-position":"center center","background-size":"auto","background-attachment":"scroll","background-type":"","background-media":"","overlay-type":"","overlay-color":"","overlay-opacity":"","overlay-gradient":""},"tablet":{"background-color":"var(--ast-global-color-4)","background-image":"","background-repeat":"repeat","background-position":"center center","background-size":"auto","background-attachment":"scroll","background-type":"","background-media":"","overlay-type":"","overlay-color":"","overlay-opacity":"","overlay-gradient":""},"mobile":{"background-color":"var(--ast-global-color-4)","background-image":"","background-repeat":"repeat","background-position":"center center","background-size":"auto","background-attachment":"scroll","background-type":"","background-media":"","overlay-type":"","overlay-color":"","overlay-opacity":"","overlay-gradient":""}}},"biblioteca_cat":[51],"class_list":["post-5804","biblioteca","type-biblioteca","status-publish","has-post-thumbnail","hentry","biblioteca_cat-artigos"],"acf":[],"_links":{"self":[{"href":"https:\/\/glitzgondim.adv.br\/en\/wp-json\/wp\/v2\/biblioteca\/5804","targetHints":{"allow":["GET"]}}],"collection":[{"href":"https:\/\/glitzgondim.adv.br\/en\/wp-json\/wp\/v2\/biblioteca"}],"about":[{"href":"https:\/\/glitzgondim.adv.br\/en\/wp-json\/wp\/v2\/types\/biblioteca"}],"wp:featuredmedia":[{"embeddable":true,"href":"https:\/\/glitzgondim.adv.br\/en\/wp-json\/wp\/v2\/media\/5806"}],"wp:attachment":[{"href":"https:\/\/glitzgondim.adv.br\/en\/wp-json\/wp\/v2\/media?parent=5804"}],"wp:term":[{"taxonomy":"biblioteca_cat","embeddable":true,"href":"https:\/\/glitzgondim.adv.br\/en\/wp-json\/wp\/v2\/biblioteca_cat?post=5804"}],"curies":[{"name":"wp","href":"https:\/\/api.w.org\/{rel}","templated":true}]}}

A internacionalização do Direito de Empresa e a realidade do Direito brasileiro

<p><strong>Resumo</strong>: Estado e atividade empresarial são duas realidades conectadas. Tanto Estado, como empresa passaram por várias transformações no que diz respeito ao seu modo de agir, à sua interação com o ente público e com a sociedade civil e, sobretudo, no tocante à sua regulação. O Código Civil delimita aspectos estruturais da empresa, mas sua regulação é permeada por diferentes fontes, inclusive advindas de instrumentos estrangeiros. A internacionalização do Direito empresarial é mais uma condição que uma opção. A sujeição do regime jurídico da empresa aos variados instrumentos internacionais desperta naturalmente preocupações sobre a legitimidade das tecnologias legais e ao possível déficit democrático na discussão, elaboração e recepção local. Contudo, há um lado positivo do fenômeno: a (auto)imposição da empresa a boas práticas globais pode ser um meio de pressão para aprimorar a conduta do Estado na mesma direção.</p>



<p><strong>Referência</strong>: BECUE, Sabrina Maria Fadel; GLITZ, Frederico Eduardo Zenedin. Panorama sobre a internacionalização do Direito de empresa e a realidade do Direito brasileiro frente às tendências internacionais. Revista Semestral de Direito Empresarial, Rio de Janeiro, n. 33, p. 155-170, jul./dez. 2023.</p>



<div class="wp-block-buttons is-layout-flex wp-block-buttons-is-layout-flex">
<div class="wp-block-button"><a class="wp-block-button__link wp-element-button" href="https://glitzgondim.adv.br/wp-content/uploads/2026/01/7.pdf" target="_blank" rel="noreferrer noopener">ARTIGO COMPLETO</a></div>
</div>



<p></p>



<div class="wp-block-buttons is-layout-flex wp-block-buttons-is-layout-flex">
<div class="wp-block-button"><a class="wp-block-button__link wp-element-button" href="https://www.e-publicacoes.uerj.br/rsde/article/view/79183/49789">DOWNLOAD</a></div>
</div>
